 8*u. Let g(q) = 3*q**2 - q + 2. Let f(j) = -3*g(j) + 4*o(j). What is f(0)?
2
Let k(p) = -p**2 - 4*p + 1. Let s be (3 + 5/(-2))*56. Let a = -32 + s. What is k(a)?
1
Let n(y) = -y + 3*y + 4*y. Suppose -6*j = -7*j + 5*m + 4, 4*j + 6 = -2*m. What is n(j)?
-6
Let m be 5*(-4)/20 - 5. Let u(c) = -c**2 - 6*c + 4. Determine u(m).
4
Suppose -x + 3*v = -31, -v = -2*x + x + 23. Let w(q) = x - 49 + 20 + 20 + q**2 + 8*q. Determine w(-8).
10
Let c = -4 - -4. Suppose c = -3*b - r + 12, 1 = -b - 5*r + 5. Let p(m) = -m**2 + 4*m + 2. Calculate p(b).
2
Suppose 4*v = 160 + 48. Let o be ((-1)/(-1))/((-4)/v). Let w = 12 + o. Let c(q) = 9*q**3 - q**2 + q + 1. Give c(w).
-10
Let f = 149 - 139. Let l be (68/20 + -3)*(f - 0). Let y(w) = -w - 3. Determine y(l).
-7
Let x(l) = -l**2 + 3*l + 3. Let n(q) = -q**3 + q**2 + 5*q + 6. Let y be n(-3). Suppose y = -10*p + p. Give x(p).
-15
Let u(o) = 10*o**3 + 2 - 4 + 3 + 0. Let t be u(1). Let m = -12 + t. Let c(k) = -12*k**3 + k**2 - k - 1. Determine c(m).
13
Let w(b) = -b**2 - 17*b + 9. Suppose -24*y - 918 = 30*y. Give w(y).
9
Let a(t) = 94 + t**3 - 172 + 77. Give a(-1).
-2
Let s = 20 - 18. Let y(j) = 3*j + 0*j - s + 5*j + j**2 - 4*j. Determine y(-5).
3
Let b(h) = 13*h - 25. Let k be ((-1)/3)/(4/(-108)). Let n(q) = 3*q - 6. Let s(r) = k*n(r) - 2*b(r). Let u be 2/4 - (-27)/6. What is s(u)?
1
Let z = 526 + -519. Let t(g) = 14*g**3 + 41*g**2 - g - 30. Let v(p) = -5*p**3 - 14*p**2 + 10. Let x(d) = 6*t(d) + 17*v(d). What is x(z)?
-3
Let a(y) = -10*y**3 - 1. Let j(x) = x**2 - 17*x + 29. Let t be j(15). Give a(t).
9
Let k(r) = r**3 - 2*r**2 + 2*r + 5. Let b = 93 - 89. Give k(b).
45
Let f(u) = u**2 - 28*u - 57. Let h be f(30). Let o(l) be the first derivative of l**3/3 - 3*l**2/2 + 3*l + 2. What is o(h)?
3
Let y = 36 - 31. Suppose -y = -5*l - g, g - 3 + 2 = -3*l. Let i(c) = c**2 - c - 2. Determine i(l).
0
Let d(i) = 6*i + 85. Let b be d(-14). Let t(p) = -18*p**3 - 1. What is t(b)?
-19
Let z(j) = j**2 + 10*j - 16. Let h be -2 + 5 + -1 - 14. Calculate z(h).
8
Let c(g) = -20*g - 116. Let a be c(-6). Let l(x) = -x**3 + 5*x**2 + 3*x - 5. Calculate l(a).
23
Suppose -2*g + 54 = 62. Let s(l) = 2*l**2 + 6*l + 1. Determine s(g).
9
Let n(o) = -29*o**2 + o. Let g(x) = 2*x**3 - 5*x**2 - x - 7. Let i be g(3). What is n(i)?
-30
Let j be (12 + -3 - 10)*-2. Let g(o) be the second derivative of 7/2*o**j - o + 0 + 1/6*o**3. What is g(-4)?
3
Let g(j) = -j**3 - 6*j**2 - 6*j - 5. Suppose -2 - 3 = -r. Suppose d + 2*m = 3*d, r*d = m. Suppose d*q - 5*q - 25 = 0. Give g(q).
0
Let g(p) = 2 + 5 - 4107*p + 4119*p. Calculate g(5).
67
Let l(v) = -v**2 - 19*v - 52. Let q be l(-16). Let f(a) = -a - 9. Give f(q).
-5
Let u(z) be the third derivative of -5*z**4/24 + z**3/6 - 2*z**2 + 22. Give u(2).
-9
Let w(q) = -q**2 + 4*q + 2. Let i be -2 + (-32)/(-18) - 38/(-9). Determine w(i).
2
Let v(a) = -2 + 9 + a**2 - 1 - 14*a - 1. Let u be v(14). Let n(d) = -d**2 + 7*d. Let i(y) = -y**2 + 7*y. Let q(s) = -4*i(s) + 3*n(s). Determine q(u).
-10
Let r(w) be the first derivative of -w**4/4 + 2*w**2 + 3*w - 108. Determine r(4).
-45
Let w = -206 + 206. Let j(b) = 26*b**2 - 52*b**2 + 25*b**2 - 4. Give j(w).
-4
Let f(n) = n**2 + 7*n + 4. Let c(v) = 6*v**2 + 6*v**2 - 18*v**2 + 8*v**2 - v**3 - 6 - v. Let b be c(0). Calculate f(b).
-2
Let o(n) be the first derivative of -2*n**3/3 - 5*n**2/2 - 2*n - 8. Let s(d) = -5*d - 18. Let q be s(-3). Determine o(q).
-5
Let q(i) = i**3 + 2*i**2 - 5*i + 5. Let g be q(3). Let z be (g/14)/(2/4). Let t(w) = 2*w - 3. What is t(z)?
7
Let x be (3/12*4)/1. Suppose -4*n - x = -y - 6, 4*y - 5*n = -20. Let l(v) = -2*v + 6. What is l(y)?
16
Let g(t) = -t**2 + 12*t + 1. Let z(y) = -y**3 + 7*y**2 - 6*y - 9. Let w be z(3). Determine g(w).
28
Let y(k) be the second derivative of k**5/20 + k**4/12 - k**3/6 + k**2/2 - 27*k. Let v be (0 - 0) + -4 - 744/(-124). Give y(v).
11
Let p(r) = r**2 - 7*r + 5. Suppose -4*z + 23 = c, 3*z = 2*c + c + 36. Let w be 2/z - 480/(-84). Give p(w).
-1
Suppose 0 = i - 4*h + 16, -5 = 3*h - 4*h. Let n(k) = 8 - 3 - 3*k + 6*k + k**3 + 0 - 5*k**2. Determine n(i).
1
Suppose -5*q + 77 = 6*q. Let v(l) = 19 + 6*l + l**3 - 8 - 10 - 8*l**2. What is v(q)?
-6
Let q be (2/(-4))/(7/(-140)). Let z(u) = -q*u**2 + 7 - 4 + 11*u**2 + 6*u. Give z(-4).
-5
Let n(v) = 30*v + 33. Let y(b) = -7*b - 8. Let h(j) = 5*n(j) + 21*y(j). Give h(-8).
-27
Let p(n) = 4*n - 3. Let l(o) = -5*o + 5. Let w(s) = 5*l(s) + 6*p(s). What is w(12)?
-5
Let b(m) be the first derivative of -1/3*m**3 - 5*m + 1 - 7/2*m**2. Calculate b(-5).
5
Let s(p) = 1 + 67*p + 73*p - 130*p. Calculate s(-1).
-9
Let c(k) = k**2 + 6*k - 4. Let j(q) = -q - 1. Let t be j(-6). Let d be t/3*(-5 - -2). Calculate c(d).
-9
Let s = -62 - -62. Suppose -4*o - o - 5*m + 25 = s, 2 = -2*o + 2*m. Let j(k) be the second derivative of k**3/3 - k**2/2 - 2*k. Determine j(o).
3
Let g(r) = -r + 1. Let d = 20 + -15. Suppose 3*w - 21 = 6*s - 2*s, -d*s - 32 = 2*w. Give g(s).
7
Let p(x) be the third derivative of x**6/360 - x**5/15 + x**4/12 + 17*x**3/3 + 31*x**2. Let q(u) be the first derivative of p(u). What is q(9)?
11
Let y(m) = 4*m + 22. Let u = -20 + 13. Let c be y(u). Let j(l) = -l**2 - 5*l + 3. What is j(c)?
-3
Suppose -2*h + 12 = -0*h + k, -k = 4*h - 22. Suppose -h*m - 370 = -5*c, -2 = 2*c - m - 150. Let b(p) = 2*p + c - 79 - 3*p. Determine b(4).
-9
Let v(i) = -6*i**2 - 5*i + 18. Let q be v(3). Let l = q + 50. Let w(z) = -6*z**3 + 2*z**2 + z. Calculate w(l).
7
Let y(r) be the third derivative of r**4/24 + 3*r**3/2 - 54*r**2. Calculate y(-17).
-8
Let w(a) = -2*a - 5. Suppose -5*c = 2*p - 44, -7*c - 20 = -12*c. Suppose -y = p*y + 39. Determine w(y).
1
Let r(f) = -16*f - 14 - 10*f**2 - f**2 + f**3 + 5*f + 6*f**2 - 2. Determine r(7).
5
Let z(h) be the third derivative of h**4/24 - h**3/3 + h**2. Suppose 3*k = -2*t + k - 90, 0 = 5*k + 5. Let l = -40 - t. Determine z(l).
2
Let o(s) = s + 22. Let b = 386 - 386. Give o(b).
22
Let g(i) = -2. Let m(o) = o - 4. Let u(f) = 7*g(f) - 4*m(f). Give u(2).
-6
Suppose 14 = 2*q + m, 6*m - 8*m - 7 = -q. Let v(u) = -2*u**3 + 14*u**2 - u - 1. What is v(q)?
-8
Let c(l) be the second derivative of l**4/6 - 2*l**3 + l**2 - 301*l. Calculate c(6).
2
Let u(t) = -164*t - 3. Let o(j) = 47*j + 1. Let q(p) = -7*o(p) - 2*u(p). Let k(b) = 2*b**3 - 3*b**2. Let g be k(2). Let x = g - 2. What is q(x)?
-3
Let v(q) = q**3 - 3*q**2 + 4*q + 1. Let g be (-96)/(-14) + (-2)/(-14). Let j be 2 - (3 - g - -3). What is v(j)?
13
Let y(f) = -2*f**2 - f - 1. Let r be -1*-3*20/6. Let b be (1 + 2)/(1 - r/4). What is y(b)?
-7
Let p(d) = -6 - d + 36 - 28. Calculate p(-2).
4
Let n(u) = 14*u**3 + 14*u**2 + 3*u - 40. Let z(d) = -5*d**3 - 5*d**2 - d + 14. Let f(o) = -6*n(o) - 17*z(o). Calculate f(-2).
0
Let o(a) = a**3 - 3*a**2. Let f(j) = -8*j + 25. Let q be f(4). Let h = -4 - q. Calculate o(h).
0
Let t(i) = -7 + 6*i**2 + 9 + 7*i - 2*i - 7*i**2. Give t(5).
2
Let l(r) = -1 + 20*r + 25*r - 56*r + 22*r. Give l(3).
32
Let i(y) be the third derivative of -y**6/120 + y**5/20 - y**4/12 - 5*y**3/6 + 10*y**2. Give i(4).
-29
Let m(x) = 10*x + 17. Let q(i) = -5*i - 9. Let k(v) = -3*m(v) - 5*q(v). Calculate k(-3).
9
Let l(d) = 3*d**2 - 2*d. Let r = -45 + 48. Suppose -2*v - 7 = -3*j, 2*j + v + 2 = r*j. Give l(j).
21
Let f = -378 - -383. Let d(u) = -u**2 + 2*u - 4. Give d(f).
-19
Let n(r) be the second derivative of r**4/12 + r**3/6 - 15*r**2 + 46*r. Let o(m) be the first derivative of n(m). Give o(6).
13
Let d(q) be the first derivative of -4*q + 20 - 1/2*q**2. Give d(-9).
5
Let v(d) be the first derivative of -d**2/2 + 15*d - 6. Let w be v(15). Suppose w = 15*i - 10*i - 20. Let z(k) = k**2 - 5*k - 2. Calculate z(i).
-6
Let h(f) = 6 + 30 - 1 - f**2 - 31 + 19*f. What is h(18)?
22
Let y(v) = -v**2 - 4*v - 2. Suppose -51 = -20*s - 171. What is y(s)?
-14
Let c(k) = 2*k**3 - 2*k**2 - 2*k + 2. Let d be (0 - (-8)/(-3))*6/(-8). Give c(d).
6
Suppose -f + 5*v + 0*v = -10, 0 = -4*f + 4*v - 8. Let w(q) = -q - 11. Calculate w(f).
-6
Let i(z) = 0*z + 2 - 1 - z + 3*z. Let k be 5/(-1 + -5 + 7). Calculate i(k).
11
Let a be (-1*(-21)/(-3))/(-1). Suppose -h - 4*p = a, 3*p = p - 4. Let x(s) be the third derivative of -s**5/10 - s**2. Calculate x(h).
-6
Suppose i - 4*p - 15 = 0, -2*i + 20 = 7*p - 10*p. Let r(f) be the third derivative of -f**4/6 + 2*f**3/3 + 2*f